 -m**3 - 43*m**2 - 108*m + 38. Give s(-3).
2
Let h(f) = 112*f**2 - 639*f + 571. Determine h(5).
176
Let s(i) = -i**3 + 38*i**2 + 294*i - 85. Determine s(45).
-1030
Let a(p) = -p**2 + 12761*p - 89275. Calculate a(7).
3
Let d(g) = -496*g**3 + 995*g**2 - 24*g + 50. What is d(2)?
14
Let p(b) = 2*b**3 + 358*b**2 - 281*b + 14225. Calculate p(-180).
5
Let v(c) = 2*c**2 + 57*c - 28988. Give v(107).
9
Let u(y) = y**2 + 81*y - 116. Calculate u(-73).
-700
Let r(w) = 505854*w + 4552695. Calculate r(-9).
9
Let l(c) = -2*c**3 - 37*c**2 + 56*c + 406. What is l(-18)?
-926
Let q(s) = 153*s**2 + 114*s - 146. What is q(-5)?
3109
Let f(z) = 768007*z + 5. Determine f(0).
5
Let k(l) = -l**2 - 698*l - 120228. What is k(-389)?
-27
Let w(d) = -2*d**3 + 328*d**2 - 415*d + 14451. Calculate w(163).
-56
Let l(s) = -1396*s - 7331. Give l(-5).
-351
Let y(s) = -2*s**3 - 83*s**2 + 2*s - 1724. What is y(-42)?
-44
Let d(u) = 17*u**2 - 137*u - 6589. What is d(24)?
-85
Let t(x) = 6*x - 1019. Determine t(15).
-929
Let k(q) = -q**3 - 31*q**2 + 178*q - 105. Calculate k(-36).
-33
Let h(q) = -4*q**3 - 32*q**2 - 119*q - 173. Calculate h(-4).
47
Let t(i) = 12*i**2 - 2602*i - 2599. Calculate t(-1).
15
Let d(g) = -3339*g - 1185335. Give d(-355).
10
Let r(s) = 205452*s + 821764. Give r(-4).
-44
Let v(y) = y**3 - 41*y**2 + 171*y - 815. Determine v(37).
36
Let j(x) = -x**3 - 417*x**2 - 14381*x + 7988. Give j(-379).
29
Let m(g) = -7899*g**2 + 15823*g - 5. What is m(2)?
45
Let y(o) = -o**2 + 7379*o - 1190303. What is y(165)?
7
Let r(w) = 2*w**2 + 21595*w - 497755. Calculate r(23).
-12
Let l(t) = -t**2 - 2026*t + 110180. Give l(53).
-7
Let t(v) = -453*v + 4422. Calculate t(10).
-108
Let o(y) = 2774*y**2 + 122055*y - 38. Give o(-44).
6
Let l(o) = 9*o**2 + 374*o + 1517. Determine l(-37).
0
Let g(n) = 5*n**2 - 737*n - 12184. What is g(-15)?
-4
Let f(c) = c**2 - 142*c - 43923. What is f(-150)?
-123
Let v(t) = -t**2 - 115*t - 3065. Determine v(-73).
1
Let w(h) = -3*h**3 + 5*h**2 + 78*h + 320. Determine w(-5).
430
Let g(a) = -1909*a + 3802. What is g(2)?
-16
Let y(j) = j**3 + 81*j**2 - 520*j - 56113. Give y(-28).
-1
Let g(q) = -q**3 + 40*q**2 + 281*q - 142. Give g(46).
88
Let n(f) = -f**3 - 105*f**2 + 2046*f - 3979. Determine n(-122).
-563
Let t(i) = 10*i**3 - 1880*i**2 + 10*i - 588. Give t(188).
1292
Let p(t) = -8*t**2 - 42*t - 140. Determine p(-8).
-316
Let g(t) = -2*t**3 - 55*t**2 - 435*t - 797. What is g(-9)?
121
Let j(m) = 67456*m + 472199. Give j(-7).
7
Let m(z) = -z**2 + 232*z + 5588. What is m(-22)?
0
Let f(l) = -2668*l + 122574. What is f(46)?
-154
Let i(m) = 3944*m - 414147. Determine i(105).
-27
Let z(p) = p**3 + 29*p**2 + 579*p + 16808. What is z(-29)?
17
Let y(a) = a**3 - 10*a**2 + 660*a - 8801. Determine y(13).
286
Let c(h) = 11222*h - 1223199. Calculate c(109).
-1
Let k(u) = u**3 + 198*u**2 - 401*u + 572. Calculate k(-200).
772
Let n(u) = -17896*u + 178976. Calculate n(10).
16
Let n(s) = -204*s**2 - 10600*s + 435. Calculate n(-52).
19
Let a(m) = -1007560*m - 8. What is a(0)?
-8
Let m(o) = 19*o**3 - 991*o**2 + 165*o - 512. What is m(52)?
-44
Let t(r) = -1581*r - 806299. Calculate t(-510).
11
Let z(k) = -6072*k - 4116789. Calculate z(-678).
27
Let f(z) = 869*z**2 + 871*z + 2. Give f(-1).
0
Let n(b) = -117138*b - 2459906. What is n(-21)?
-8
Let t(y) = -594*y - 8249. Give t(-14).
67
Let r(y) = 1409*y + 557963. Calculate r(-396).
-1
Let r(z) = -2*z**3 - 28*z**2 - 126*z - 2429. Give r(-15).
-89
Let m(s) = 9332*s + 681242. Give m(-73).
6
Let j(z) = -251*z**2 - 542*z + 542. Give j(1).
-251
Let d(k) = 18*k**2 - 41*k - 211. What is d(-7)?
958
Let i(a) = 2*a**3 + 62*a**2 - 56*a - 156. What is i(-31)?
1580
Let i(x) = -2*x**2 + 10*x + 2750. Calculate i(39).
98
Let j(a) = 7*a**3 - 219*a**2 + 1577*a + 28. Determine j(20).
-32
Let i(w) = -w**2 + 60*w + 7246. Calculate i(120).
46
Let y(s) = 6*s**3 - 1557*s**2 + 780*s - 784. Calculate y(259).
-7
Let t(g) = -8*g**2 + 12171*g + 110183. What is t(-9)?
-4
Let r(b) = 10*b**2 - 48342*b + 1584393. Calculate r(33).
-3
Let a(z) = -183*z**3 - 5*z**2 + 22*z + 50. Calculate a(-2).
1450
Let j(b) = -18*b**2 - 9685*b + 128417. Determine j(-551).
34
Let u(o) = 136*o**2 + 2519*o + 3523. Give u(-17).
4
Let i(q) = -5*q**2 + 413*q - 2389. Calculate i(78).
-595
Let v(m) = -125*m - 15507. Give v(-124).
-7
Let m(g) = g**2 + 352*g + 12480. What is m(-314)?
548
Let u(n) = 6675*n**2 - 53582*n + 1457. Calculate u(8).
1
Let v(h) = -h**3 + 182*h + 160. Determine v(-13).
-9
Let z(d) = 5*d**2 - 260*d - 1141. Give z(-4).
-21
Let w(g) = 11*g**2 - 4402*g + 17628. Calculate w(4).
196
Let f(x) = -11*x**2 + 267*x - 1243. Determine f(8).
189
Let c(r) = 5839*r + 642320. Give c(-110).
30
Let q(m) = -5*m**2 + 25264*m - 75791. What is q(3)?
-44
Let m(j) = -j**3 - 7*j**2 - 11076*j - 99865. Determine m(-9).
-19
Let a(k) = -k**3 - 39*k**2 + 363*k + 9735. Give a(-42).
-219
Let a(u) = -4074*u - 2191810. Determine a(-538).
2
Let l(y) = -1158*y - 73803. Calculate l(-64).
309
Let s(n) = 5*n**2 - 68*n - 20142. Give s(71).
235
Let i(g) = 32338*g + 3072095. Calculate i(-95).
-15
Let v(l) = 440*l**3 - 4399*l**2 - 145*l + 1347. What is v(10)?
-3
Let d(a) = 2*a**2 - 13261*a - 119461. Determine d(-9).
50
Let m(o) = -6*o**3 + 63*o**2 - 38*o + 317. Determine m(7).
1080
Let x(g) = -112*g**2 - 668*g - 1985. Determine x(-3).
-989
Let z(m) = 182618*m + 183444. Calculate z(-1).
826
Let o(u) = 7914*u - 15899. Determine o(2).
-71
Let o(r) = -7*r**3 + 1069*r**2 + 320*r - 2168. Give o(153).
-26
Let q(g) = -9*g**2 + 472*g + 475. What is q(-1)?
-6
Let o(d) = 893*d + 5343. Give o(-8).
-1801
Let s(d) = 2*d**3 + 48*d**2 - 1598*d + 4298. Determine s(3).
-10
Let z(h) = -2*h**3 - 1551*h**2 - 801*h - 20156. Determine z(-775).
-6
Let a(x) = x**2 - 186*x + 1293. Determine a(7).
40
Let a(x) = -521*x**2 - 13*x - 13. Give a(-1).
-521
Let p(v) = 142247*v + 284499. Give p(-2).
5
Let m(s) = -7*s**2 - 19*s + 714. What is m(12)?
-522
Let o(g) = 12*g**2 + 1757*g + 5234. What is o(-3)?
71
Let x(z) = -z**3 - 364*z**2 + 1162*z - 114077. Give x(-368).
3
Let u(p) = -2*p**3 - 18*p**2 + 100*p - 149. Determine u(-13).
-97
Let y(u) = 2*u**2 + 39*u + 279. What is y(-6)?
117
Let a(u) = -2523*u + 797272. Determine a(316).
4
Let n(h) = -h**3 - h**2 + 9179*h - 109. Determine n(0).
-109
Let l(y) = -2*y**3 - 285*y**2 + 13504*y + 714. What is l(-180)?
-6
Let w(y) = -2*y**3 + 19*y**2 - 290*y + 2478. Give w(9).
-51
Let f(h) = -4*h**3 - 1317*h**2 - 331*h - 589. Determine f(-329).
69
Let f(i) = 3*i**3 - 77*i**2 - 121*i + 348. Determine f(27).
-3
Let p(j) = 3*j**2 - 668*j + 31089. Calculate p(154).
-635
Let z(c) = -4*c**3 + 90*c**2 - 369*c - 35. Calculate z(17).
50
Let f(r) = -14853*r + 10233717. Determine f(689).
0
Let d(a) = -a**3 + 9*a**2 + 21*a + 313. Calculate d(12).
133
Let p(o) = o**2 + 5570*o + 938913. Determine p(-174).
9
Let h(c) = -137150*c + 7406083. Calculate h(54).
-17
Let p(h) = -1529*h + 2547. Calculate p(1).
1018
Let g(f) = -f**3 - 113*f**2 + 173*f - 2365. Determine g(-115).
4190
Let i(d) = -93360*d + 1680483. What is i(18)?
3
Let v(q) = 2*q**3 + 390*q**2 + 391*q - 34. What is v(-194)?
-616
Let t(w) = -788*w - 10998. Give t(-14).
34
Let i(q) = -652*q - 78482. Calculate i(-127).
4322
Let p(y) = 6*y**3 - 54*y**2 - 1380*y + 12421. Give p(9).
1
Let n(s) = -s**3 - 126*s**2 + 529*s + 1457. Give n(-130).
287
Let t(h) = 121*h**2 + 3629*h + 6750. What is t(-28)?
2
Let k(x) = -4389*x - 20691. Give k(-5).
1254
Let u(c) = 951*c + 128385. Determine u(-135).
0
Let q(a) = -a**2 - 21*a + 18249. Give q(-146).
-1
Let t(m) = 298*m + 8813. Give t(-39).
-2809
Let j(y) = 24427*y + 586253. Determine j(-24).
5
Let i(m) = 7*m**3 - 5*m**2 - 145*m - 423. Calculate i(-3).
-222
Let w(f) = -3671*f**2 - 40438*f - 637. Determine w(-11).
-10
Let j(y) = y**3 - 30*y**2 + 49*y - 1375. Determine j(30).
95
Let v(g) = 2774*g - 22506. Calculate v(8).
-314
Let z(u) = -15*u**2 + 1041*u - 271. Give z(69).
143
Let y(q) = 3*q**2 + 3079*q - 326752. Calculate y(97).
138
Let a(y) = 487*y**2 - 1484*y - 26439. Give a(-6).
-3
Let j(r) = 38*r**2 - 1132*r - 5689. Calculate j(-5).
921
Let v(i) = 6*i**3 - 103*i**2 - 29*i + 771. Calculate v(17).
-11
Let l(q) = -q**3 - 30*q**2 + 2274*q - 10505. Give l(5).
-10
Let f(j) = -89*j**2 - 96*j + 3. Determine f(-1).
10
Let k(y) = -y**3 - 100*y**2 - 5*y -